?
1
What is the remainder when 817 is divided by 117?
115
Calculate the remainder when 2817 is divided by 91.
87
Calculate the remainder when 1585 is divided by 133.
122
Calculate the remainder when 69 is divided by 55.
14
Calculate the remainder when 219 is divided by 20.
19
Calculate the remainder when 3550 is divided by 148.
146
Calculate the remainder when 863 is divided by 48.
47
What is the remainder when 484 is divided by 71?
58
What is the remainder when 9013 is divided by 71?
67
What is the remainder when 291 is divided by 38?
25
What is the remainder when 1268 is divided by 12?
8
What is the remainder when 167 is divided by 23?
6
Calculate the remainder when 677 is divided by 292.
93
Calculate the remainder when 2486 is divided by 178.
172
Calculate the remainder when 106 is divided by 31.
13
Calculate the remainder when 34 is divided by 10.
4
Calculate the remainder when 9716 is divided by 41.
40
Calculate the remainder when 312 is divided by 78.
0
What is the remainder when 1044 is divided by 21?
15
Calculate the remainder when 3239 is divided by 141.
137
What is the remainder when 50 is divided by 44?
6
What is the remainder when 2497 is divided by 227?
0
Calculate the remainder when 96 is divided by 31.
3
What is the remainder when 4158 is divided by 52?
50
Calculate the remainder when 250 is divided by 99.
52
Calculate the remainder when 44 is divided by 19.
6
What is the remainder when 3378 is divided by 31?
30
What is the remainder when 212 is divided by 3?
2
What is the remainder when 163 is divided by 61?
41
Calculate the remainder when 114 is divided by 39.
36
Calculate the remainder when 93 is divided by 3.
0
Calculate the remainder when 601 is divided by 67.
65
What is the remainder when 258 is divided by 12?
6
What is the remainder when 9257 is divided by 63?
59
What is the remainder when 437 is divided by 143?
8
Calculate the remainder when 299 is divided by 7.
5
Calculate the remainder when 356 is divided by 28.
20
What is the remainder when 4269 is divided by 45?
39
What is the remainder when 318 is divided by 33?
21
What is the remainder when 222 is divided by 77?
68
Calculate the remainder when 46 is divided by 4.
2
What is the remainder when 1175 is divided by 49?
48
What is the remainder when 66 is divided by 6?
0
What is the remainder when 113 is divided by 58?
55
What is the remainder when 2358 is divided by 265?
238
What is the remainder when 76 is divided by 7?
6
Calculate the remainder when 4 is divided by 3.
1
What is the remainder when 238 is divided by 10?
8
What is the remainder when 52 is divided by 21?
10
What is the remainder when 444 is divided by 151?
142
What is the remainder when 307 is divided by 10?
7
Calculate the remainder when 369 is divided by 177.
15
Calculate the remainder when 193 is divided by 36.
13
What is the remainder when 202 is divided by 52?
46
Calculate the remainder when 64 is divided by 13.
12
Calculate the remainder when 54 is divided by 16.
6
Calculate the remainder when 222 is divided by 77.
68
What is the remainder when 294 is divided by 14?
0
What is the remainder when 5909 is divided by 1955?
44
Calculate the remainder when 1103 is divided by 46.
45
Calculate the remainder when 5542 is divided by 9.
7
What is the remainder when 614 is divided by 25?
14
What is the remainder when 399 is divided by 140?
119
What is the remainder when 1428 is divided by 95?
3
What is the remainder when 180 is divided by 5?
0
What is the remainder when 687 is divided by 139?
131
Calculate the remainder when 742 is divided by 119.
28
Calculate the remainder when 225 is divided by 39.
30
What is the remainder when 278 is divided by 185?
93
What is the remainder when 949 is divided by 34?
31
What is the remainder when 11 is divided by 4?
3
What is the remainder when 75 is divided by 12?
3
Calculate the remainder when 646 is divided by 24.
22
What is the remainder when 565 is divided by 23?
13
What is the remainder when 460 is divided by 72?
28
Calculate the remainder when 542 is divided by 40.
22
What is the remainder when 129 is divided by 19?
15
Calculate the remainder when 183 is divided by 101.
82
Calculate the remainder when 16186 is divided by 10.
6
Calculate the remainder when 4848 is divided by 49.
46
Calculate the remainder when 75 is divided by 53.
22
What is the remainder when 21168 is divided by 10?
8
Calculate the remainder when 1814 is divided by 79.
76
What is the remainder when 1592 is divided by 266?
262
What is the remainder when 228 is divided by 46?
44
What is the remainder when 801 is divided by 72?
9
Calculate the remainder when 4282 is divided by 89.
10
Calculate the remainder when 4926 is divided by 145.
141
Calculate the remainder when 259 is divided by 103.
53
What is the remainder when 815 is divided by 13?
9
What is the remainder when 412 is divided by 86?
68
Calculate the remainder when 285 is divided by 28.
5
What is the remainder when 28 is divided by 7?
0
What is the remainder when 320 is divided by 13?
8
What is the remainder when 207 is divided by 35?
32
What is the remainder when 1863 is divided by 370?
13
What is the remainder when 1320 is divided by 154?
88
Calculate the remainder when 538 is divided by 36.
34
What is the remainder when 104 is divided by 7?
6
Calculate the remainder when 151 is divided by 45.
16
Calculate the remainder when 421 is divided by 139.
4
Calculate the remainder when 217 is divided by 62.
31
What is the remainder when 532 is divided by 92?
72
What is the remainder when 432 is divided by 82?
22
What is the remainder when 349 is divided by 70?
69
Calculate the remainder when 40 is divided by 22.
18
Calculate the remainder when 1978 is divided by 31.
25
Calculate the remainder when 2810 is divided by 74.
72
Calculate the remainder when 19 is divided by 18.
1
Calculate the remainder when 900 is divided by 235.
195
Calculate the remainder when 298 is divided by 101.
96
Calculate the remainder when 102 is divided by 11.
3
Calculate the remainder when 310 is divided by 83.
61
What is the remainder when 296 is divided by 75?
71
Calculate the remainder when 831 is divided by 14.
5
What is the remainder when 405 is divided by 68?
65
Calculate the remainder when 910 is divided by 222.
22
What is the remainder when 110 is divided by 10?
0
What is the remainder when 39 is divided by 8?
7
What is the remainder when 174 is divided by 7?
6
What is the remainder when 167 is divided by 5?
2
What is the remainder when 134 is divided by 15?
14
What is the remainder when 699 is divided by 26?
23
What is the remainder when 4898 is divided by 57?
53
What is the remainder when 285 is divided by 36?
33
Calculate the remainder when 1464 is divided by 99.
78
Calculate the remainder when 1814 is divided by 30.
14
Calculate the remainder when 1498 is divided by 57.
16
What is the remainder when 1779 is divided by 33?
30
Calculate the remainder when 3185 is divided by 33.
17
What is the remainder when 107 is divided by 23?
15
Calculate the remainder when 3038 is divided by 95.
93
What is the remainder when 1176 is divided by 37?
29
Calculate the remainder when 462 is divided by 108.
30
What is the remainder when 39 is divided by 11?
6
Calculate the remainder when 8288 is divided by 17.
9
Calculate the remainder when 105 is divided by 19.
10
Calculate the remainder when 105 is divided by 53.
52
Calculate the remainder when 123 is divided by 15.
3
What is the remainder when 599 is divided by 7?
4
Calculate the remainder when 15167 is divided by 77.
75
What is the remainder when 65 is divided by 27?
11
What is the remainder when 2266 is divided by 322?
12
Calculate the remainder when 155 is divided by 56.
43
Calculate the remainder when 824 is divided by 208.
200
What is the remainder when 3384 is divided by 842?
16
Calculate the remainder when 467 is divided by 67.
65
Calculate the remainder when 317 is divided by 11.
9
Calculate the remainder when 670 is divided by 657.
13
Calculate the remainder when 1348 is divided by 45.
43
What is the remainder when 710 is divided by 230?
20
What is the remainder when 7595 is divided by 21?
14
What is the remainder when 76 is divided by 16?
12
Calculate the remainder when 441 is divided by 87.
6
What is the remainder when